c(k)?
20
Let o(k) be the first derivative of -k**4 - 2*k**3/3 - 2*k**2 + k - 4. Let t(s) = 4*s**3 + 3*s**2 + 5*s - 1. Let x(v) = -3*o(v) - 2*t(v). Give x(1).
5
Suppose -3*y - 2*y - 5 = 0. Let l(v) = -v + 9. Let p be l(6). Let u(n) = -4*n + p*n + 3*n. What is u(y)?
-2
Let j(p) = 4*p**2 - 4 + 3*p**2 - 9*p**2 + p**2 - 7*p. Give j(-6).
2
Suppose -5*u - w = 3 + 2, 3*w = 4*u + 4. Let r be (-1)/(-1 + 0/(-2)). Let v be (-1 - u)*r/2. Let l(n) = -n**3 + 5. Calculate l(v).
5
Let v be 20*(0 + 1)/2. Let c = v + -5. Let a(t) = t - 7. Determine a(c).
-2
Let s = 6 - 6. Let n(g) = -g - 5. Calculate n(s).
-5
Let f(u) = -u**3 - 4*u**2 + 6*u + 3. Let w be f(-5). Let j(i) = -19*i - 6. Let p(d) = -9*d - 3. Let z(q) = -2*j(q) + 5*p(q). What is z(w)?
11
Let z(y) = -y**3 + y**2 - 2*y + 3. Let w = 160 - 158. Calculate z(w).
-5
Let n(c) = 19*c**3 - 20*c**3 - 5*c**2 - 7 + 4*c - 5*c. Give n(-5).
-2
Let t(n) = n + 12. Let r(u) = 5*u + 1. Let i be r(-2). Let q be t(i). Let z(s) be the first derivative of -s**2/2 - 3*s + 2. Determine z(q).
-6
Let t be (1 - -1) + 2/(-2). Let x = 8 - 14. Let s be (3 + -1 + x)/t. Let p(i) = 2*i + 1. What is p(s)?
-7
Suppose -4*i + 80 = -2*i. Let x(j) = 40*j - i*j + j**3 - 8. Give x(0).
-8
Let i(w) = w + 3. Let z be ((-6)/15)/(2/(-20)). Suppose a = z*a. Calculate i(a).
3
Let h(n) = -9*n**3. Suppose 2 = 5*z - t, -t = -4 + 1. Calculate h(z).
-9
Let d(p) be the first derivative of -p**4/12 + p**3/2 + p**2/2 + 1. Let v(l) be the second derivative of d(l). Suppose 3*g + 5 = 11. Calculate v(g).
-1
Let j(r) = -r + 6. Let m(l) = l**2 - 2*l. Let h be 1 - -2*(-3)/(-6). Let i be m(h). Determine j(i).
6
Let l(w) = -382*w**2 - 3*w + 2 + 381*w**2 + 3*w. Determine l(-2).
-2
Let k(x) be the second derivative of 1/2*x**3 - 1/2*x**2 + 0 + 3*x. Calculate k(2).
5
Suppose -4*o + 91 = -3*o. Let y be o/(-28) + 6/(-8). Let b(q) = -4*q + 2*q - q**2 - 3 - 4*q. What is b(y)?
5
Let w(i) be the first derivative of -i**3/3 + 9*i**2/2 - 2*i - 49. Give w(8).
6
Let s = 18 + -24. Let i = -6 - -11. Let z(k) = -5 + 2*k**3 - 7*k + 0*k**3 - 3*k**3 - 2*k**2 - i*k**2. Determine z(s).
1
Let r = 29 - 24. Let p(m) = 2*m**3 - m**2 + m - 3. Let h(v) = 3*v**3 - 2*v**2 + 2*v - 5. Let u = 4 - 11. Let z(i) = r*h(i) + u*p(i). Give z(3).
5
Let w(o) = -4*o + 1. Let h(g) = g - g**2 + 6*g**2 + 6 - 2*g - g**3. Suppose -2*d + 3*n - 2 = 0, -2*d + 2*n + 18 = 4*n. Let y be h(d). What is w(y)?
-3
Let g(o) = 2*o + 1. Let a(d) = -d - 1. Let n(m) = -3*a(m) - g(m). Let c(q) = -3*q + 1. Let s be 55/(-45) + 2/9. Let y be c(s). Give n(y).
6
Let v(x) = x**2 - x - 2. Suppose -5*p + 4*p + 3 = 0. What is v(p)?
4
Let u(a) = a - 10 - 3 + 17. What is u(4)?
8
Let y = -34 + 37. Let d(j) = j**3 + j**2 - j - 1. Let f(t) = t**3 + 4*t**2 + 2*t - 2. Let c(s) = -2*d(s) + f(s). What is c(y)?
3
Let j(n) be the first derivative of -1/3*n**3 - n**2 + 0*n + 1/24*n**4 - 1. Let t(c) be the second derivative of j(c). Determine t(5).
3
Let f = -2 + 5. Let i be (-14 - 1)*f/(-9). Let k(x) = 7*x + 2. Let c(p) = 11*p + 3. Let l(d) = 5*c(d) - 8*k(d). Calculate l(i).
-6
Let j(d) be the third derivative of -1/60*d**5 + 0*d + 0 + 2*d**2 + 1/6*d**3 + 7/120*d**6 - 1/24*d**4. What is j(1)?
6
Let z = -1 + 10. Let l(f) = f**2 - 8*f - 6. Let u be l(z). Let d(n) = 5*n**2 + 0*n**3 - 7 + 5 - n**u - 3*n. Determine d(4).
2
Let l(d) = -d**3 - d**2. Let w = -8 - -10. Let q = 1 - w. Give l(q).
0
Let j(w) = w**2 + 3*w - 4. Let u = 119 + -64. Suppose 5*l - 65 = -4*c - 20, 5*l - u = -5*c. Let r be ((-8)/c)/((-3)/(-15)). Determine j(r).
0
Let l(z) = -4 - 4*z**3 + 4 + z + 1. Suppose 6 - 26 = 5*b. Let d be b/6*(-6)/(-4). Determine l(d).
4
Let j(v) be the third derivative of v**5/60 - v**4/6 + v**3/2 - v**2. Let g(b) = 2*b**2 + 2*b - 1. Let d be g(-2). What is j(d)?
0
Let r(z) = z - 10. Suppose 0 = 32*q - 28*q - 36. Calculate r(q).
-1
Let q be -2*3*(14/12 + -1). Let x(r) = -2*r**2 - r. Determine x(q).
-1
Let u(f) = f - 1. Let c(s) = -2*s. Let v(m) = 2*c(m) + 3*u(m). Determine v(4).
-7
Let q be -1 - -3 - (-24)/(-3). Let r = q + 7. Let t(f) = 8*f**2 + f - 1. Calculate t(r).
8
Suppose -2*y + 3 = -9. Let s(o) = 2*o**3 - 9*o**2 + 12*o + 19. Let h(q) = -q**3 + 4*q**2 - 6*q - 10. Let z(i) = 5*h(i) + 3*s(i). What is z(y)?
7
Let j(z) be the first derivative of -z**3/3 - z**2 - 2*z - 4. What is j(-4)?
-10
Let d(o) = -14 + 0*o + 2*o + 23. Let a = -19 + 13. What is d(a)?
-3
Let r(o) = -o**3 - 7*o**2 + 9*o + 12. Suppose 4*y = -29 - 3. Give r(y).
4
Let g(t) = -t**3 + 7*t**2 + 6. Let r be g(7). Let h(s) = -6*s + 0*s**2 + 0*s + s**2 - 2. Calculate h(r).
-2
Let k(z) = 3*z - 8*z + 3*z**2 + 14 - 4*z**2 - 7. Suppose 5*l - l = -20. Determine k(l).
7
Let y(s) = -3*s + 8. Let l(m) = -3*m + 7. Let o(u) = 6*l(u) - 5*y(u). What is o(2)?
-4
Let a(n) = 9*n**2 - 4*n + 9. Let k(d) = 7*d**2 - 3*d + 8. Let g(m) = 4*a(m) - 5*k(m). Suppose -4*b = -b - 9. Determine g(b).
2
Let c(l) = -l**2 - 8*l - 8. Let n be -6*5/((-45)/6). Let z = n + -11. Calculate c(z).
-1
Let u(m) = -5*m**3 + 15*m**2. Let r(d) = 2*d**3 - 5*d**2. Let j(c) = 8*r(c) + 3*u(c). Let y(f) = -10*f**2. Let z(l) = 10*j(l) + 5*y(l). Determine z(1).
10
Let t = -9 + 9. Suppose 2*i = -t + 8. Let h(z) = z**3 - 5*z**2 + 3*z + 4. Determine h(i).
0
Let l(s) = -6*s - 1. Let w = -6 + 11. Let m(y) = 5*y + 3*y**2 + 5 + 2*y**2 - w*y**3 + 4*y**3. Let x be m(6). Give l(x).
5
Let f(a) = a**3 - 2*a - 1. Let l = -11 - -10. Give f(l).
0
Suppose 5*j + 2*y - 11 = 0, 4*j + 3*y = 2*j. Let b be 3 + (j - 2 - -1). Let g(w) = -w**3 + 6*w**2 - 4*w - 5. Determine g(b).
0
Let g(r) = -206*r + 0*r**3 + 207*r - r**3 - 2 - 7*r**2. Let s be -5*1 + 0 + -2. Give g(s).
-9
Suppose -q = -4 - 0. Suppose q*v - 3*v = 2. Let s(h) = -2*h**2 - 3*h**2 - 2*h**v + h. Determine s(1).
-6
Let i = -18 + 23. Suppose i*n - 15 = 5. Let x(j) = 3*j**3 - 2*j**2 + j + 3. Let a(w) = -4*w**3 + w**2 - 2*w - 4. Let f(b) = -2*a(b) - 3*x(b). Determine f(n).
3
Let m = -5 + 8. Let k(w) = -w**2 - 5*w + 4. Suppose 2*s - 6 = -s. Let r(i) = -5*i**2 - 19*i + 16. Let c(d) = s*r(d) - 9*k(d). Give c(m).
8
Let x(m) = m**2. Let u(y) = 4*y - 1. Let f(h) = u(h) + x(h). Suppose -3 = -j - 6. What is f(j)?
-4
Let z be (0 - -1) + (-1 - -3). Suppose y - z*y - 4 = 0. Let q(i) = -4*i**2 - i - 1. Let n(d) = -5*d**2 - 2*d - 1. Let w(o) = -5*n(o) + 6*q(o). Determine w(y).
-5
Let u be (3/2)/(2/(-4)). Let i = 2 + u. Let d(q) be the first derivative of -9*q**4/4 - q + 6. Give d(i).
8
Let a(p) = 2*p - 5. Let l(g) be the third derivative of -5*g**4/24 + 11*g**3/6 - 4*g**2. Let j(h) = 9*a(h) + 4*l(h). Let m be (2/(-1) - 0) + -1. Give j(m).
5
Suppose 3*q + 3 = 4*p - 11, 2*p = -q + 12. Let x(h) be the first derivative of 1/2*h**2 + 0*h + 1/4*h**4 - 5 - 5/3*h**3. Determine x(p).
5
Suppose 0 = -3*l + l. Suppose 3 = r - l. Let g(k) = k + 1. What is g(r)?
4
Let p(n) = -n**2 + 5*n - 5. Let u be (-5)/(-2) - (-3)/6. Suppose 0 = i + u*i - 16. Give p(i).
-1
Suppose 2 + 4 = 3*s. Suppose w + s*j = 2, j + 1 - 2 = w. Let k(q) = q**2 - q - 6. Give k(w).
-6
Let g(x) be the third derivative of -x**5/15 - x**4/4 - 7*x**3/6 + 3*x**2. Let o(k) = 3*k**2 + 5*k + 6. Let w(h) = -4*g(h) - 5*o(h). Give w(-3).
10
Let f(g) = -3*g**3 - 5*g**2 - 2*g + 5. Let j(t) = 5*t**3 + 10*t**2 + 3*t - 9. Let k(r) = 7*f(r) + 4*j(r). Give k(3).
11
Let k(d) = -7*d - 1. Let w be 1/(1 - (1 - 1)). Let o be w/2 - 21/14. Give k(o).
6
Let b(j) = 3*j + 3. Let h(n) = -n - 3. Let s be h(0). Give b(s).
-6
Let t(g) = g - 3. Let x be t(0). Let i be -10*-4*x/(-30). Let s(y) = y**2 - 4*y - 2. Determine s(i).
-2
Let x(q) be the first derivative of -q - 1/2*q**2 + 3/2*q**4 + 0*q**3 + 6. Calculate x(-1).
-6
Suppose 2*i = -4*z - i + 9, 6 = 2*i. Let j(g) = 2 + 0*g + 5 + g. Calculate j(z).
7
Let u = 6 + -5. Let m(f) = -7*f + 2 - 5 - 1 + 1. Let b(p) = 15*p + 7. Let z(k) = -4*b(k) - 9*m(k). Determine z(u).
2
Let o(b) = 21*b + 2 - 12*b - 2. What is o(2)?
18
Let g(f) = f + 8. Let j(z) = -z**3 - 12*z**2 + 2*z + 17. Let y be j(-12). What is g(y)?
1
Let c(z) = 2*z - 7. Let p(m) = -3*m + 6 + 5 + 3. Let v(n) = 5*c(n) + 3*p(n). Suppose -b + 4*w + 3 = 0, -b - 15 = 6*w - w. Give v(b).
2
Suppose 0 = -z - z + 4*o + 6, -3*z - 2*o - 7 = 0. Let k(a) = -2*a - 5. Let g(n) = -n + 1. Let x(w) = -5*g(w) - k(w). Calculate x(z).
-7
Suppose 2*i + 0*i + 4*g = 4, 5*i - 30 = -5*g. Let j(k) = k**2 - 9*k - 3. Let o be 